1
List the prime factors of 105192188.
2, 26298047
What are the prime factors of 365465714?
2, 29, 647, 9739
List the prime factors of 165732580.
2, 5, 13, 113, 5641
List the prime factors of 442629860.
2, 5, 22131493
What are the prime factors of 59766120?
2, 3, 5, 55339
What are the prime factors of 286388393?
311, 920863
What are the prime factors of 1235965688?
2, 17, 1549, 5867
List the prime factors of 662787774.
2, 3, 11, 3347413
What are the prime factors of 309376528?
2, 31, 623743
List the prime factors of 788826268.
2, 19, 10379293
List the prime factors of 4131337328.
2, 709, 364187
What are the prime factors of 428003539?
1049, 408011
What are the prime factors of 1557309538?
2, 778654769
What are the prime factors of 12672791?
19, 666989
What are the prime factors of 479167977?
3, 159722659
What are the prime factors of 22687624?
2, 59, 71, 677
What are the prime factors of 54363067?
11, 47, 71, 1481
What are the prime factors of 33656179?
33656179
List the prime factors of 28848506.
2, 47, 306899
List the prime factors of 78939333.
3, 11, 67, 3967
What are the prime factors of 11798559?
3, 61, 21491
List the prime factors of 13307669.
13307669
What are the prime factors of 165193214?
2, 379, 217933
List the prime factors of 720406219.
13, 43, 83, 15527
List the prime factors of 1967188873.
13, 23, 6579227
What are the prime factors of 16438852?
2, 67, 61339
What are the prime factors of 735912209?
23, 733, 43651
What are the prime factors of 885992972?
2, 37, 311, 19249
What are the prime factors of 435987009?
3, 3779, 4273
List the prime factors of 834582931.
7, 13, 2969, 3089
What are the prime factors of 144413743?
67, 2155429
What are the prime factors of 477975331?
477975331
List the prime factors of 2272765281.
3, 3371, 224737
What are the prime factors of 707316251?
6029, 117319
What are the prime factors of 351771598?
2, 823, 213713
List the prime factors of 231918682.
2, 163, 337, 2111
What are the prime factors of 49319589?
3, 11, 137, 10909
What are the prime factors of 23652188?
2, 7, 19, 23, 1933
List the prime factors of 98458455.
3, 5, 149, 44053
What are the prime factors of 219783787?
127, 1730581
What are the prime factors of 569119677?
3, 7, 27100937
List the prime factors of 27960104.
2, 17, 205589
List the prime factors of 4500792787.
149, 227, 133069
List the prime factors of 128328915.
3, 5, 11, 13, 29, 2063
What are the prime factors of 550849093?
61, 9030313
List the prime factors of 32899414.
2, 331, 49697
List the prime factors of 566088685.
5, 113217737
List the prime factors of 3139298.
2, 1569649
List the prime factors of 4808887540.
2, 5, 41, 5864497
List the prime factors of 2496130541.
2551, 978491
List the prime factors of 89018871.
3, 29672957
List the prime factors of 6403159174.
2, 17, 41, 4593371
List the prime factors of 87407710.
2, 5, 13, 17, 39551
List the prime factors of 37388277.
3, 89, 15559
List the prime factors of 6301610866.
2, 41, 76848913
List the prime factors of 1045355783.
37, 4153, 6803
List the prime factors of 37606715.
5, 7521343
List the prime factors of 62100233.
13, 367457
What are the prime factors of 236410327?
236410327
List the prime factors of 4037761181.
73, 257, 373, 577
List the prime factors of 737489836.
2, 29, 97, 65543
List the prime factors of 354059247.
3, 118019749
List the prime factors of 293906681.
293906681
List the prime factors of 225475049.
23, 59, 166157
List the prime factors of 220305557.
229, 962033
What are the prime factors of 188476494?
2, 3, 67, 139, 3373
What are the prime factors of 53380793?
29, 63473
What are the prime factors of 816545512?
2, 61, 1673249
What are the prime factors of 3123196?
2, 780799
What are the prime factors of 1037444351?
22247, 46633
List the prime factors of 20267798.
2, 59, 171761
What are the prime factors of 2662747727?
2662747727
What are the prime factors of 85598677?
61, 1403257
What are the prime factors of 741927917?
67, 1987, 5573
List the prime factors of 196493277.
3, 65497759
List the prime factors of 61534984.
2, 7, 29, 5413
List the prime factors of 218749650.
2, 3, 5, 7, 208333
What are the prime factors of 89660827?
89660827
List the prime factors of 169740886.
2, 7, 17, 29, 24593
List the prime factors of 108201025.
5, 179, 24179
List the prime factors of 668580148.
2, 17, 9832061
What are the prime factors of 2745505011?
3, 757, 1208941
List the prime factors of 52119580.
2, 5, 2605979
List the prime factors of 99228606.
2, 3, 43, 71, 5417
What are the prime factors of 10217624?
2, 37, 34519
What are the prime factors of 73742721?
3, 13, 43, 43973
What are the prime factors of 2100044135?
5, 7, 29, 2069009
List the prime factors of 1593254933.
1593254933
List the prime factors of 5476156975.
5, 31, 131, 53939
What are the prime factors of 2548985998?
2, 13, 98037923
List the prime factors of 2138653509.
3, 19, 53, 707929
List the prime factors of 97954577.
7, 37, 97, 557
What are the prime factors of 629255404?
2, 2633, 59747
What are the prime factors of 653300910?
2, 3, 5, 733, 3301
What are the prime factors of 83986588?
2, 7, 428503
What are the prime factors of 74395315?
5, 17, 875239
What are the prime factors of 353013608?
2, 41, 83, 12967
List the prime factors of 505688145.
3, 5, 33712543
List the prime factors of 1192608768.
2, 3, 13, 29863
What are the prime factors of 401422114?
2, 43, 4667699
What are the prime factors of 24750753?
3, 8250251
What are the prime factors of 1020816903?
3, 6521, 52181
List the prime factors of 2896187756.
2, 7, 11, 53, 127
What are the prime factors of 546694724?
2, 157, 870533
What are the prime factors of 174062650?
2, 5, 67, 223, 233
What are the prime factors of 5296800611?
79, 67048109
What are the prime factors of 775398113?
7, 19, 5830061
What are the prime factors of 257884350?
2, 3, 5, 31, 1789
What are the prime factors of 443260639?
131, 3383669
What are the prime factors of 46489494?
2, 3, 29, 397, 673
What are the prime factors of 694017799?
694017799
List the prime factors of 1863093821.
421, 4425401
List the prime factors of 3723468738.
2, 3, 11, 457, 123449
What are the prime factors of 17699710?
2, 5, 7, 149, 1697
List the prime factors of 74909633.
17, 4406449
List the prime factors of 508619921.
199, 277, 9227
What are the prime factors of 6552778524?
2, 3, 546064877
List the prime factors of 1427446068.
2, 3, 10733, 11083
List the prime factors of 834562936.
2, 104320367
What are the prime factors of 165296391?
3, 13, 137, 30937
What are the prime factors of 5382806773?
5382806773
What are the prime factors of 189354900?
2, 3, 5, 7, 37, 2437
List the prime factors of 35482375.
5, 283859
What are the prime factors of 2051519376?
2, 3, 19, 1201, 1873
List the prime factors of 84113140.
2, 5, 41, 67, 1531
List the prime factors of 2213665.
5, 442733
What are the prime factors of 53644168?
2, 479, 13999
What are the prime factors of 427760253?
3, 47528917
List the prime factors of 84338192.
2, 173, 30469
List the prime factors of 8460249.
3, 7, 402869
What are the prime factors of 116860084?
2, 11, 2655911
What are the prime factors of 36618475?
5, 79, 18541
List the prime factors of 153489795.
3, 5, 10232653
What are the prime factors of 3995375835?
3, 5, 11, 293, 683
List the prime factors of 1211646161.
11, 383, 287597
What are the prime factors of 984020323?
11, 13, 6881261
What are the prime factors of 3599172381?
3, 7, 8161, 21001
What are the prime factors of 203357836?
2, 11, 19, 43, 5657
List the prime factors of 379428607.
83, 1259, 3631
List the prime factors of 127842321.
3, 59, 722273
List the prime factors of 417929021.
23, 179, 101513
List the prime factors of 31711462.
2, 229, 69239
What are the prime factors of 1564205183?
23, 68008921
List the prime factors of 196110822.
2, 3, 113, 289249
What are the prime factors of 92109026?
2, 17, 709, 3821
What are the prime factors of 215214276?
2, 3, 31, 578533
What are the prime factors of 385359074?
2, 5309, 36293
List the prime factors of 2712251.
2712251
What are the prime factors of 734020769?
29, 25311061
List the prime factors of 2661282123.
3, 199, 4457759
What are the prime factors of 290772954?
2, 3, 16154053
List the prime factors of 51129155.
5, 7, 11, 12073
